c
In base 5, what is -11223 + 24121?
12343
In base 8, what is 2511 + 45?
2556
In base 14, what is 0 - -6a6d1?
6a6d1
In base 16, what is -fe7e - 8?
-fe86
In base 4, what is -10 + 1101303302?
1101303232
In base 2, what is 1111001100110101 - 10?
1111001100110011
In base 10, what is -2 + 115044?
115042
In base 2, what is -10 - -1000100000010111?
1000100000010101
In base 10, what is 3 + -4815?
-4812
In base 6, what is -35 + -14022?
-14101
In base 8, what is 4 - 45253?
-45247
In base 14, what is d7c7 + -20?
d7a7
In base 7, what is -11 - -5066?
5055
In base 7, what is -15622 + 20?
-15602
In base 8, what is -4 + 26036?
26032
In base 5, what is 12214322 + 10?
12214332
In base 10, what is -556 + 1691?
1135
In base 4, what is 32203132 - -210?
32210002
In base 9, what is -15 - -14127?
14112
In base 11, what is -202a + 11?
-2019
In base 8, what is -2 + -53137?
-53141
In base 8, what is -23 + -14123?
-14146
In base 15, what is 2 + 97c1?
97c3
In base 11, what is -1327 - 32?
-1359
In base 10, what is -205 - 35?
-240
In base 7, what is 22 + 5?
30
In base 16, what is -5 + bce0?
bcdb
In base 4, what is 3 - -3321301?
3321310
In base 12, what is -1973 + -8?
-197b
In base 10, what is 16134 + -1?
16133
In base 4, what is -11 - -103232000?
103231323
In base 9, what is -1 + 11410?
11408
In base 4, what is 31300033 - -33?
31300132
In base 2, what is 10 - 110101100011010011?
-110101100011010001
In base 6, what is -3340122 + -11?
-3340133
In base 6, what is -103 - 1503?
-2010
In base 16, what is -100 + 111?
11
In base 13, what is -1 - c665c?
-c6660
In base 13, what is -29 + -127b?
-12a7
In base 12, what is -114b6 - 4?
-114ba
In base 14, what is -3adc - 2?
-3b00
In base 12, what is 400 + 87?
487
In base 2, what is 10001101011010011 - 1?
10001101011010010
In base 4, what is -1213 - 1333103?
-2000322
In base 8, what is 31757 + 2?
31761
In base 9, what is -114 - 100?
-214
In base 13, what is -b9 + 5b?
-5b
In base 16, what is -29ee - -3?
-29eb
In base 16, what is -3e28 - -9?
-3e1f
In base 16, what is -8 - 1991?
-1999
In base 5, what is -20311 - 2111?
-22422
In base 11, what is 5 + -327a?
-3275
In base 7, what is -104332033 - 2?
-104332035
In base 3, what is -1000211222 + 110?
-1000211112
In base 7, what is -204 - 506?
-1013
In base 2, what is 1 - 110010111011010010?
-110010111011010001
In base 12, what is -215 + 1730?
1517
In base 10, what is -191590 + -4?
-191594
In base 4, what is 3323003 + -11?
3322332
In base 9, what is -251 + 42574?
42323
In base 13, what is -4 + 33265?
33261
In base 10, what is -90 - 889?
-979
In base 14, what is -6721 - -8?
-6717
In base 12, what is 895a7 + 4?
895ab
In base 8, what is -5 + 34715?
34710
In base 10, what is -20 + 2093?
2073
In base 6, what is -1 + 1135524?
1135523
In base 3, what is 220 + -20122020?
-20121100
In base 14, what is -12b2a - -3?
-12b27
In base 9, what is 5082 - 76?
5005
In base 15, what is -1d0d2 - 4?
-1d0d6
In base 3, what is -12 - -2001112002?
2001111220
In base 2, what is -1100101001110010 + -100?
-1100101001110110
In base 7, what is 1414226 + -1?
1414225
In base 4, what is -1211 + -121?
-1332
In base 7, what is 1316 + -33?
1253
In base 10, what is 14387 + -4?
14383
In base 9, what is -2132 + 0?
-2132
In base 8, what is 103206 + -4?
103202
In base 2, what is -1000000000101 - 1000011?
-1000001001000
In base 9, what is -22 - 64315?
-64337
In base 9, what is -42135 - -113?
-42022
In base 11, what is 4612 + 19a?
4801
In base 15, what is 10abc - -1d?
10ada
In base 11, what is -651 + -2456?
-2aa7
In base 11, what is 395 - -422?
807
In base 4, what is 210300 + 103?
211003
In base 5, what is -413413 - 24?
-413442
In base 15, what is -73c5 - 3?
-73c8
In base 13, what is 3 + 80b?
811
In base 8, what is -10 - 22704?
-22714
In base 11, what is a - -1039a8?
103a07
In base 6, what is 5 - 15030201?
-15030152
In base 9, what is -1 + 8458?
8457
In base 7, what is -3 + -25205?
-25211
In base 2, what is 1111110010 + 10110111?
10010101001
In base 8, what is -407236 + -7?
-407245
In base 12, what is 79 + -342?
-285
In base 11, what is 2014 - 15?
1aaa
In base 14, what is -c + -269b?
-26a9
In base 4, what is 0 + -22310021?
-22310021
In base 9, what is 1027630 - -1?
1027631
In base 13, what is 209a + -4?
2096
In base 13, what is 455 - 598?
-143
In base 10, what is -1 + -13403?
-13404
In base 12, what is 1 + -76b78?
-76b77
In base 14, what is 2c67c - -8?
2c686
In base 14, what is -4 - 9637?
-963b
In base 6, what is 3 - 22301105?
-22301102
In base 15, what is -112 + -12?
-124
In base 4, what is 2230001022 + -10?
2230001012
In base 8, what is 15 - 3204?
-3167
In base 9, what is 53 - 22557?
-22504
In base 6, what is 132 - -10355?
10531
In base 10, what is 4964 - 4?
4960
In base 15, what is 6 + -5a214?
-5a20d
In base 11, what is -69 + 40743?
40685
In base 3, what is -1001 + 22001002?
22000001
In base 16, what is 979b + -1c?
977f
In base 9, what is -4 - -15071?
15066
In base 15, what is 4 + -89454?
-89450
In base 5, what is -1032100 + 44?
-1032001
In base 4, what is 220 - -3202203?
3203023
In base 6, what is 5 - 322040?
-322031
In base 3, what is -2222 - 10201211012?
-10201221011
In base 7, what is 5134 - 5?
5126
In base 4, what is 302332 - -1032?
310030
In base 7, what is -2305 + 1041?
-1234
In base 7, what is -1152 + 211?
-641
In base 12, what is -468 + -30a3?
-354b
In base 14, what is 1dc1 - -2?
1dc3
In base 16, what is 491 - e?
483
In base 14, what is -30a5a - 0?
-30a5a
In base 15, what is 4 - 170a0?
-1709b
In base 4, what is -10221 + 1101010?
1030123
In base 7, what is 23 - 31156?
-31133
In base 11, what is -2821 + -113?
-2934
In base 6, what is -454 - -4531?
4033
In base 14, what is 53 + -7d1?
-77c
In base 11, what is -18 - -30?
13
In base 8, what is 61611 + 0?
61611
In base 16, what is e94a - 23?
e927
In base 8, what is -257 - -1020?
541
In base 10, what is -8 + -182205?
-182213
In base 13, what is 5 - -21229?
21231
In base 7, what is -1024 - 5416?
-6443
In base 7, what is 3 + -1033?
-1030
In base 6, what is -5311 + 12?
-5255
In base 12, what is 7 - -1863?
186a
In base 12, what is -4 - 9942?
-9946
In base 14, what is 25 + -8d26?
-8d01
In base 11, what is 874 - 4?
870
In base 3, what is 1011002022 + -11?
1011002011
In base 12, what is a072 + -3?
a06b
In base 11, what is 2 - -3494a1?
3494a3
In base 15, what is 28 + 5424?
544c
In base 4, what is -13202101 - -31?
-13202010
In base 16, what is -8e + 9cd?
93f
In base 13, what is 55b + 457?
9b5
In base 2, what is 111100110100010110 - -11?
111100110100011001
In base 7, what is -10444 + 23?
-10421
In base 3, what is -102011202 - 202?
-102012111
In base 11, what is -684 - -40?
-644
In base 16, what is -2a - 534?
-55e
In base 12, what is 2b847 + 4?
2b84b
In base 5, what is -114430223 - 10?
-114430233
In base 11, what is 365 + -27?
339
In base 7, what is -13 + -1146?
-1162
In base 3, what is -10 - 1021010?
-1021020
In base 12, what is -8 - -1934?
1928
In base 2, what is 1110 - -10110101110?
10110111100
In base 16, what is 55d + 5?
562
In base 5, what is -31 + -141?
-222
In base 4, what is 30132 + 122232?
213030
In base 8, what is 24 + 3676?
3722
In base 9, what is -2378 + 6?
-2372
In base 2, what is 100 + 101011111100?
101100000000
In base 3, what is -10122100220 + 12?
-10122100201
In base 11, what is -1 + -11590?
-11591
In base 10, what is 15848 - 0?
15848
In base 8, what is 1 + 1607404?
1607405
In base 3, what is 11111 + 102102?
120220
In base 16, what is -b711 + 2?
-b70f
In base 10, what is 12714 - -5?
12719
In base 15, what is 1514 - 359?
11aa
In base 14, what is -19201 + 8?
-191d7
In base 14, what is 1 - 1011?
-1010
In base 16, what is 22 - 499f?
-497d
In base 3, what is 1101200120211 - 11?
1101200120200
In base 4, what is 3110 + 32231?
102001
In base 11, what is -1 + 127a57?
127a56
In base 8, what is -1 + -30710?
-30711
In base 15, what is -916eb + 3?
-916e8
In base 13, what is -13 + 142?
12c
In base 8, what is -1 - 12550?
-12551
In base 9, what is 16562 - -8?
16571
In base 10, what is 101 + -34269?
-34168
In base 16, what is 2e24aa - 2?
2e24a8
In base 10, what is -2477335 - -5?
-2477330
In base 16, what is -1 + 6292?
6291
In base 8, what is 205477 - 17?
205460
In base 7, what is 2 - 34164?
-34162
In base 12, what is -61a85 + -4?
-61a89
In base 3, what is 110111 - 20202?
12202
In base 10, what i